2 + 1211112222?
2010201101
In base 8, what is -3 + -23215426?
-23215431
In base 4, what is -1020001200 - -1000?
-1020000200
In base 8, what is -25760576 - -3?
-25760573
In base 7, what is 3 + 402024642?
402024645
In base 8, what is 0 - 51777424?
-51777424
In base 15, what is 10e29 + 4b?
10e75
In base 4, what is 2203100103 - 30?
2203100013
In base 11, what is -9a44 - -108?
-9937
In base 2, what is -111101101000000101 + -11100111000?
-111110000100111101
In base 6, what is -15200 - -4101444?
4042244
In base 3, what is 20210121211111121 + 21?
20210121211111212
In base 2, what is -1011111011000010 + 100110001?
-1011110110010001
In base 11, what is -2934a99 - 0?
-2934a99
In base 7, what is -2355446410 + -14?
-2355446424
In base 12, what is -25949 + 2a7?
-25662
In base 9, what is 4 + -20036605?
-20036601
In base 6, what is 1122132505 - 5?
1122132500
In base 8, what is 105336 + 2352?
107710
In base 15, what is -4 + 178eb33?
178eb2e
In base 2, what is 10 - -10001100010010101001?
10001100010010101011
In base 13, what is 121c - -1b92a?
1cb49
In base 9, what is 11728721 + 110?
11728831
In base 7, what is 650404 - -522?
651226
In base 11, what is 4 - 52666749?
-52666745
In base 10, what is -2 - 5271813?
-5271815
In base 2, what is -1110111100 - 11001111011110?
-11011110011010
In base 10, what is 17 + 1054217?
1054234
In base 9, what is 1 - 4884502?
-4884501
In base 14, what is 89ab - 183?
8828
In base 4, what is 1123003 - -10133?
1133202
In base 4, what is -1 - 123033233211221?
-123033233211222
In base 16, what is -2c2e4 - -c?
-2c2d8
In base 8, what is 1135736 + 27?
1135765
In base 6, what is 102 + -23342?
-23240
In base 5, what is -23120442240 + 12?
-23120442223
In base 14, what is a556a86 - -1?
a556a87
In base 14, what is -48713 - -1b?
-486d6
In base 4, what is -2120223 + 2112?
-2112111
In base 3, what is -102 + 11112100022?
11112022220
In base 5, what is -11341130033 - -10?
-11341130023
In base 10, what is -366041 + -106?
-366147
In base 6, what is 11354121 - -1143?
11355304
In base 3, what is -20 + -202202020202212222?
-202202020202220012
In base 15, what is 108 - -cad8?
cbe1
In base 5, what is 2400 - 4212311?
-4204411
In base 15, what is -b0c06 + 9?
-b0bec
In base 4, what is -110212022 + 13102?
-110132320
In base 4, what is -3 + -1023103111?
-1023103120
In base 15, what is -2cbb62 - -2?
-2cbb60
In base 7, what is -1244503302 - 3?
-1244503305
In base 15, what is 7365755 + 4?
7365759
In base 13, what is 3 - -310a70a?
310a710
In base 9, what is 354 - 607801?
-607436
In base 9, what is -314 - -120507?
120183
In base 6, what is -2 - 312221535?
-312221541
In base 13, what is c8a53 + -255?
c87cb
In base 5, what is -3220341134 - -4?
-3220341130
In base 9, what is -1882 + -3548?
-5541
In base 12, what is -424b351 - -5?
-424b348
In base 3, what is -2 - 22110220022102102?
-22110220022102111
In base 3, what is -1002022001110110 - 2?
-1002022001110112
In base 12, what is 1 - -149607b?
1496080
In base 12, what is 120a1a3b + -1?
120a1a3a
In base 2, what is 101100011110110111111000011 + -10?
101100011110110111111000001
In base 7, what is 16413054 + -106?
16412645
In base 7, what is -566244 + 20634?
-545310
In base 11, what is 3948401 + 9?
394840a
In base 14, what is -1 + dc85b?
dc85a
In base 7, what is 320000036 - 0?
320000036
In base 9, what is 4125 + 10664?
14800
In base 8, what is -1202570 - 6?
-1202576
In base 7, what is 1353 + 505632?
510315
In base 11, what is 592a949 + 3?
592a951
In base 12, what is -62 - 9a33a?
-9a3a0
In base 7, what is 3022231 - 152?
3022046
In base 14, what is -32 - -ddad?
dd7b
In base 2, what is 101011100110000001010110 - -10?
101011100110000001011000
In base 7, what is 4510545323 - -10?
4510545333
In base 2, what is -10000111100001 + 1001100001011?
-111011010110
In base 13, what is -4575 - 1aa?
-4752
In base 5, what is -103231020 + 2013?
-103224002
In base 2, what is -10111110100100100001101111 + -1?
-10111110100100100001110000
In base 3, what is -122110100012212 + -12?
-122110100020001
In base 7, what is -20042212 + -542?
-20043054
In base 14, what is 856c72 + -1?
856c71
In base 13, what is 0 - 3a11?
-3a11
In base 16, what is -ca5c - -3e1?
-c67b
In base 15, what is 1ac415 + -4a?
1ac3ba
In base 2, what is 1111100 + -1100001111010000001?
-1100001111000000101
In base 14, what is -3 + -11a31732?
-11a31735
In base 16, what is -15cb21b + -6?
-15cb221
In base 15, what is -3e85 - -776?
-370e
In base 15, what is 33115 - 68?
3309c
In base 2, what is 11 - 101111101010011111100110?
-101111101010011111100011
In base 9, what is -1175 - -57310?
56124
In base 10, what is -571 - -65227?
64656
In base 4, what is -322020 + 1332221?
1010201
In base 13, what is -a6 - 9b72?
-9c48
In base 15, what is -16892a8 - 7?
-16892b0
In base 16, what is d41 + -c5?
c7c
In base 16, what is -9bb - e59e?
-ef59
In base 2, what is -1001110101 - 100111000111101?
-101000010110010
In base 9, what is -1687636 - -2?
-1687634
In base 6, what is -52144 + 115223?
23035
In base 4, what is -12012033200 + -11?
-12012033211
In base 15, what is 6016 + -688c?
-876
In base 15, what is 7088 + -cc9?
62ae
In base 12, what is -14a + 327b?
3131
In base 14, what is 160 + -880?
-720
In base 10, what is -16812 + -3032?
-19844
In base 7, what is 3442 + -40551?
-34106
In base 11, what is -108452 - -a46?
-107507
In base 5, what is -113320103340 - -4?
-113320103331
In base 16, what is -9c - -16d4e6?
16d44a
In base 10, what is 16983 - -3196?
20179
In base 13, what is 2101 + -9293?
-7192
In base 13, what is -77527 + 409?
-7711b
In base 9, what is 376502 + -36?
376455
In base 11, what is -72455 + 40?
-72415
In base 12, what is 1 - 1a628b1?
-1a628b0
In base 12, what is -1978ba - -59?
-197861
In base 2, what is 111111111101011 - 100011?
111111111001000
In base 8, what is 2 - 62645723?
-62645721
In base 9, what is 3063 + -758?
2204
In base 3, what is 11 + 110112021102110?
110112021102121
In base 6, what is -23 - 431104?
-431131
In base 3, what is 11212110101201 - 11?
11212110101120
In base 15, what is -14 - 435444?
-435458
In base 9, what is 554 - -1108068?
1108633
In base 11, what is 273a89 + -149?
273940
In base 3, what is 111 - 120210022202?
-120210022021
In base 13, what is -2351220 + -6?
-2351226
In base 2, what is -11 + -10101010000000010001110?
-10101010000000010010001
In base 11, what is -50116600 - -5?
-501165a6
In base 10, what is 1 + -2634945?
-2634944
In base 6, what is 3 + -1022021453?
-1022021450
In base 14, what is 1 - 2b5a8?
-2b5a7
In base 16, what is 1 + 4bb891?
4bb892
In base 10, what is -844 + 763?
-81
In base 12, what is -25a067 - -4?
-25a063
In base 2, what is 1010100010110000000111 + -10110?
1010100010101111110001
In base 12, what is 113b32 + 11?
113b43
In base 10, what is -840066 - -857?
-839209
In base 6, what is 2151 - -102322?
104513
In base 15, what is 170e5269 + -5?
170e5264
In base 9, what is 1346 - 15352?
-14005
In base 2, what is -110 + -101010010001001011100011?
-101010010001001011101001
In base 3, what is -11 + -12002201101000?
-12002201101011
In base 16, what is 5b + -542d?
-53d2
In base 11, what is 2286899 - 10?
2286889
In base 13, what is 9041 - -131?
9172
In base 8, what is 0 - 12210443?
-12210443
In base 5, what is 2130 - 131030?
-123400
In base 8, what is 1347372764 + 0?
1347372764
In base 15, what is -1e3 - e0ec2?
-e11b5
In base 9, what is -15 + -4068257?
-4068273
In base 3, what is 111120012 + 210022122?
1021212211
In base 3, what is 20 - -102011212222?
102011220012
In base 6, what is -1523113 + 0?
-1523113
In base 6, what is 25301545521 - 1?
25301545520
In base 14, what is 96d3 - 18b?
9546
In base 11, what is 70213 + 186?
70399
In base 14, what is -72581 - -26?
-72559
In base 14, what is 2c70a4 + -7?
2c709b
In base 14, what is 209da + -d76?
1da64
In base 4, what is 30 + -102230020123?
-102230020033
In base 14, what is 311 + 2c436?
2c747
In base 3, what is 10102 - -1221200220210?
1221201001012
In base 12, what is 29 + 72734?
72761
In base 7, what is 3 - -522542206?
522542212
In base 2, what is 1 + -100010001011001010011010000?
-100010001011001010011001111
In base 8, what is 131 + 1364722?
1365053
In base 4, what is -3 + -31113032102?
-31113032111
In base 6, what is 12320400351 - 0?
12320400351
In base 8, what is -57407 + -33?
-57442
In base 6, what is -11423 + -15